{"id":18733,"date":"2021-12-01T15:18:53","date_gmt":"2021-12-01T20:18:53","guid":{"rendered":"https:\/\/patternenergy.com\/people\/sarah-webster\/"},"modified":"2026-03-25T13:05:44","modified_gmt":"2026-03-25T18:05:44","slug":"sarah-webster","status":"publish","type":"people","link":"https:\/\/patternenergy.com\/fr\/leadership\/sarah-webster\/","title":{"rendered":"Sarah Webster"},"content":{"rendered":"<p class=\"p1\">Sarah Webster est premi\u00e8re vice-pr\u00e9sidente charg\u00e9e des affaires ext\u00e9rieures et du d\u00e9veloppement des march\u00e9s pour Pattern Energy. Elle supervise les affaires gouvernementales, la communication, l&rsquo;engagement du public, les efforts en mati\u00e8re de r\u00e9glementation et de d\u00e9veloppement durable de Pattern. De 2013 \u00e0 2020, alors que l&rsquo;entreprise \u00e9tait cot\u00e9e en bourse, elle a mis en place et supervis\u00e9 la fonction de relations avec les investisseurs de l&rsquo;entreprise. <\/p>\n<p class=\"p1\">Sarah travaille chez Pattern depuis 2013 et aime \u00e9tablir des relations avec les parties prenantes de l&rsquo;entreprise et servir, avec son \u00e9quipe, de noyau diplomatique pour l&rsquo;entreprise. Elle a travaill\u00e9 dans le secteur de l&rsquo;\u00e9nergie pendant pr\u00e8s de 25 ans dans des entreprises telles qu&rsquo;InterGen, Shell et Wind Capital Group. Elle a \u00e9galement travaill\u00e9 comme r\u00e9dactrice musicale pour le Houston Press. <\/p>\n","protected":false},"featured_media":9811,"menu_order":41,"template":"","bios_category":[1336],"class_list":["post-18733","people","type-people","status-publish","has-post-thumbnail","hentry","bios_category-executive-leadership"],"acf":[],"yoast_head":"<!-- This site is optimized with the Yoast SEO plugin v27.4 - https:\/\/yoast.com\/product\/yoast-seo-wordpress\/ -->\n<title>Sarah Webster - Pattern Energy<\/title>\n<meta name=\"robots\" content=\"index, follow, max-snippet:-1, max-image-preview:large, max-video-preview:-1\" \/>\n<link rel=\"canonical\" href=\"https:\/\/patternenergy.com\/fr\/leadership\/sarah-webster\/\" \/>\n<meta property=\"og:locale\" content=\"fr_FR\" \/>\n<meta property=\"og:type\" content=\"article\" \/>\n<meta property=\"og:title\" content=\"Sarah Webster - Pattern Energy\" \/>\n<meta property=\"og:description\" content=\"Sarah Webster est premi\u00e8re vice-pr\u00e9sidente charg\u00e9e des affaires ext\u00e9rieures et du d\u00e9veloppement des march\u00e9s pour Pattern Energy. Elle supervise les affaires gouvernementales, la communication, l&rsquo;engagement du public, les efforts en mati\u00e8re de r\u00e9glementation et de d\u00e9veloppement durable de Pattern. De 2013 \u00e0 2020, alors que l&rsquo;entreprise \u00e9tait cot\u00e9e en bourse, elle a mis en place [&hellip;]\" \/>\n<meta property=\"og:url\" content=\"https:\/\/patternenergy.com\/fr\/leadership\/sarah-webster\/\" \/>\n<meta property=\"og:site_name\" content=\"Pattern Energy\" \/>\n<meta property=\"article:publisher\" content=\"https:\/\/www.facebook.com\/PatternEnergy\/\" \/>\n<meta property=\"article:modified_time\" content=\"2026-03-25T18:05:44+00:00\" \/>\n<meta property=\"og:image\" content=\"https:\/\/patternenergy.com\/wp-content\/uploads\/2021\/12\/people-7.png\" \/>\n\t<meta property=\"og:image:width\" content=\"650\" \/>\n\t<meta property=\"og:image:height\" content=\"758\" \/>\n\t<meta property=\"og:image:type\" content=\"image\/png\" \/>\n<meta name=\"twitter:card\" content=\"summary_large_image\" \/>\n<meta name=\"twitter:label1\" content=\"Dur\u00e9e de lecture estim\u00e9e\" \/>\n\t<meta name=\"twitter:data1\" content=\"1 minute\" \/>\n<script type=\"application\/ld+json\" class=\"yoast-schema-graph\">{\"@context\":\"https:\\\/\\\/schema.org\",\"@graph\":[{\"@type\":\"WebPage\",\"@id\":\"https:\\\/\\\/patternenergy.com\\\/fr\\\/leadership\\\/sarah-webster\\\/\",\"url\":\"https:\\\/\\\/patternenergy.com\\\/fr\\\/leadership\\\/sarah-webster\\\/\",\"name\":\"Sarah Webster - Pattern Energy\",\"isPartOf\":{\"@id\":\"https:\\\/\\\/patternenergy.com\\\/fr\\\/#website\"},\"primaryImageOfPage\":{\"@id\":\"https:\\\/\\\/patternenergy.com\\\/fr\\\/leadership\\\/sarah-webster\\\/#primaryimage\"},\"image\":{\"@id\":\"https:\\\/\\\/patternenergy.com\\\/fr\\\/leadership\\\/sarah-webster\\\/#primaryimage\"},\"thumbnailUrl\":\"https:\\\/\\\/patternenergy.com\\\/wp-content\\\/uploads\\\/2021\\\/12\\\/people-7.png\",\"datePublished\":\"2021-12-01T20:18:53+00:00\",\"dateModified\":\"2026-03-25T18:05:44+00:00\",\"breadcrumb\":{\"@id\":\"https:\\\/\\\/patternenergy.com\\\/fr\\\/leadership\\\/sarah-webster\\\/#breadcrumb\"},\"inLanguage\":\"fr-FR\",\"potentialAction\":[{\"@type\":\"ReadAction\",\"target\":[\"https:\\\/\\\/patternenergy.com\\\/fr\\\/leadership\\\/sarah-webster\\\/\"]}]},{\"@type\":\"ImageObject\",\"inLanguage\":\"fr-FR\",\"@id\":\"https:\\\/\\\/patternenergy.com\\\/fr\\\/leadership\\\/sarah-webster\\\/#primaryimage\",\"url\":\"https:\\\/\\\/patternenergy.com\\\/wp-content\\\/uploads\\\/2021\\\/12\\\/people-7.png\",\"contentUrl\":\"https:\\\/\\\/patternenergy.com\\\/wp-content\\\/uploads\\\/2021\\\/12\\\/people-7.png\",\"width\":650,\"height\":758},{\"@type\":\"BreadcrumbList\",\"@id\":\"https:\\\/\\\/patternenergy.com\\\/fr\\\/leadership\\\/sarah-webster\\\/#breadcrumb\",\"itemListElement\":[{\"@type\":\"ListItem\",\"position\":1,\"name\":\"Home\",\"item\":\"https:\\\/\\\/patternenergy.com\\\/fr\\\/\"},{\"@type\":\"ListItem\",\"position\":2,\"name\":\"Sarah Webster\"}]},{\"@type\":\"WebSite\",\"@id\":\"https:\\\/\\\/patternenergy.com\\\/fr\\\/#website\",\"url\":\"https:\\\/\\\/patternenergy.com\\\/fr\\\/\",\"name\":\"Pattern Energy\",\"description\":\"Nous d\u00e9veloppons, construisons, poss\u00e9dons et exploitons des projets \u00e9oliens, solaires, de transport et de stockage d'\u00e9nergie de haute qualit\u00e9 dans le monde entier.\",\"publisher\":{\"@id\":\"https:\\\/\\\/patternenergy.com\\\/fr\\\/#organization\"},\"potentialAction\":[{\"@type\":\"SearchAction\",\"target\":{\"@type\":\"EntryPoint\",\"urlTemplate\":\"https:\\\/\\\/patternenergy.com\\\/fr\\\/?s={search_term_string}\"},\"query-input\":{\"@type\":\"PropertyValueSpecification\",\"valueRequired\":true,\"valueName\":\"search_term_string\"}}],\"inLanguage\":\"fr-FR\"},{\"@type\":\"Organization\",\"@id\":\"https:\\\/\\\/patternenergy.com\\\/fr\\\/#organization\",\"name\":\"Pattern Energy\",\"url\":\"https:\\\/\\\/patternenergy.com\\\/fr\\\/\",\"logo\":{\"@type\":\"ImageObject\",\"inLanguage\":\"fr-FR\",\"@id\":\"https:\\\/\\\/patternenergy.com\\\/fr\\\/#\\\/schema\\\/logo\\\/image\\\/\",\"url\":\"https:\\\/\\\/patternenergy.com\\\/wp-content\\\/uploads\\\/2022\\\/01\\\/Pattern-Energy-Media-thumbnail-logo.jpg\",\"contentUrl\":\"https:\\\/\\\/patternenergy.com\\\/wp-content\\\/uploads\\\/2022\\\/01\\\/Pattern-Energy-Media-thumbnail-logo.jpg\",\"width\":1200,\"height\":627,\"caption\":\"Pattern Energy\"},\"image\":{\"@id\":\"https:\\\/\\\/patternenergy.com\\\/fr\\\/#\\\/schema\\\/logo\\\/image\\\/\"},\"sameAs\":[\"https:\\\/\\\/www.facebook.com\\\/PatternEnergy\\\/\",\"https:\\\/\\\/instagram.com\\\/patternenergy?utm_medium=copy_link\",\"https:\\\/\\\/www.linkedin.com\\\/company\\\/pattern-energy\",\"https:\\\/\\\/www.youtube.com\\\/user\\\/PatternEnergy?app=desktop\",\"https:\\\/\\\/web.cauze.com\\\/company\\\/293\"]}]}<\/script>\n<!-- \/ Yoast SEO plugin. -->","yoast_head_json":{"title":"Sarah Webster - Pattern Energy","robots":{"index":"index","follow":"follow","max-snippet":"max-snippet:-1","max-image-preview":"max-image-preview:large","max-video-preview":"max-video-preview:-1"},"canonical":"https:\/\/patternenergy.com\/fr\/leadership\/sarah-webster\/","og_locale":"fr_FR","og_type":"article","og_title":"Sarah Webster - Pattern Energy","og_description":"Sarah Webster est premi\u00e8re vice-pr\u00e9sidente charg\u00e9e des affaires ext\u00e9rieures et du d\u00e9veloppement des march\u00e9s pour Pattern Energy. Elle supervise les affaires gouvernementales, la communication, l&rsquo;engagement du public, les efforts en mati\u00e8re de r\u00e9glementation et de d\u00e9veloppement durable de Pattern. De 2013 \u00e0 2020, alors que l&rsquo;entreprise \u00e9tait cot\u00e9e en bourse, elle a mis en place [&hellip;]","og_url":"https:\/\/patternenergy.com\/fr\/leadership\/sarah-webster\/","og_site_name":"Pattern Energy","article_publisher":"https:\/\/www.facebook.com\/PatternEnergy\/","article_modified_time":"2026-03-25T18:05:44+00:00","og_image":[{"width":650,"height":758,"url":"https:\/\/patternenergy.com\/wp-content\/uploads\/2021\/12\/people-7.png","type":"image\/png"}],"twitter_card":"summary_large_image","twitter_misc":{"Dur\u00e9e de lecture estim\u00e9e":"1 minute"},"schema":{"@context":"https:\/\/schema.org","@graph":[{"@type":"WebPage","@id":"https:\/\/patternenergy.com\/fr\/leadership\/sarah-webster\/","url":"https:\/\/patternenergy.com\/fr\/leadership\/sarah-webster\/","name":"Sarah Webster - Pattern Energy","isPartOf":{"@id":"https:\/\/patternenergy.com\/fr\/#website"},"primaryImageOfPage":{"@id":"https:\/\/patternenergy.com\/fr\/leadership\/sarah-webster\/#primaryimage"},"image":{"@id":"https:\/\/patternenergy.com\/fr\/leadership\/sarah-webster\/#primaryimage"},"thumbnailUrl":"https:\/\/patternenergy.com\/wp-content\/uploads\/2021\/12\/people-7.png","datePublished":"2021-12-01T20:18:53+00:00","dateModified":"2026-03-25T18:05:44+00:00","breadcrumb":{"@id":"https:\/\/patternenergy.com\/fr\/leadership\/sarah-webster\/#breadcrumb"},"inLanguage":"fr-FR","potentialAction":[{"@type":"ReadAction","target":["https:\/\/patternenergy.com\/fr\/leadership\/sarah-webster\/"]}]},{"@type":"ImageObject","inLanguage":"fr-FR","@id":"https:\/\/patternenergy.com\/fr\/leadership\/sarah-webster\/#primaryimage","url":"https:\/\/patternenergy.com\/wp-content\/uploads\/2021\/12\/people-7.png","contentUrl":"https:\/\/patternenergy.com\/wp-content\/uploads\/2021\/12\/people-7.png","width":650,"height":758},{"@type":"BreadcrumbList","@id":"https:\/\/patternenergy.com\/fr\/leadership\/sarah-webster\/#breadcrumb","itemListElement":[{"@type":"ListItem","position":1,"name":"Home","item":"https:\/\/patternenergy.com\/fr\/"},{"@type":"ListItem","position":2,"name":"Sarah Webster"}]},{"@type":"WebSite","@id":"https:\/\/patternenergy.com\/fr\/#website","url":"https:\/\/patternenergy.com\/fr\/","name":"Pattern Energy","description":"Nous d\u00e9veloppons, construisons, poss\u00e9dons et exploitons des projets \u00e9oliens, solaires, de transport et de stockage d'\u00e9nergie de haute qualit\u00e9 dans le monde entier.","publisher":{"@id":"https:\/\/patternenergy.com\/fr\/#organization"},"potentialAction":[{"@type":"SearchAction","target":{"@type":"EntryPoint","urlTemplate":"https:\/\/patternenergy.com\/fr\/?s={search_term_string}"},"query-input":{"@type":"PropertyValueSpecification","valueRequired":true,"valueName":"search_term_string"}}],"inLanguage":"fr-FR"},{"@type":"Organization","@id":"https:\/\/patternenergy.com\/fr\/#organization","name":"Pattern Energy","url":"https:\/\/patternenergy.com\/fr\/","logo":{"@type":"ImageObject","inLanguage":"fr-FR","@id":"https:\/\/patternenergy.com\/fr\/#\/schema\/logo\/image\/","url":"https:\/\/patternenergy.com\/wp-content\/uploads\/2022\/01\/Pattern-Energy-Media-thumbnail-logo.jpg","contentUrl":"https:\/\/patternenergy.com\/wp-content\/uploads\/2022\/01\/Pattern-Energy-Media-thumbnail-logo.jpg","width":1200,"height":627,"caption":"Pattern Energy"},"image":{"@id":"https:\/\/patternenergy.com\/fr\/#\/schema\/logo\/image\/"},"sameAs":["https:\/\/www.facebook.com\/PatternEnergy\/","https:\/\/instagram.com\/patternenergy?utm_medium=copy_link","https:\/\/www.linkedin.com\/company\/pattern-energy","https:\/\/www.youtube.com\/user\/PatternEnergy?app=desktop","https:\/\/web.cauze.com\/company\/293"]}]}},"_links":{"self":[{"href":"https:\/\/patternenergy.com\/fr\/wp-json\/wp\/v2\/people\/18733","targetHints":{"allow":["GET"]}}],"collection":[{"href":"https:\/\/patternenergy.com\/fr\/wp-json\/wp\/v2\/people"}],"about":[{"href":"https:\/\/patternenergy.com\/fr\/wp-json\/wp\/v2\/types\/people"}],"wp:featuredmedia":[{"embeddable":true,"href":"https:\/\/patternenergy.com\/fr\/wp-json\/wp\/v2\/media\/9811"}],"wp:attachment":[{"href":"https:\/\/patternenergy.com\/fr\/wp-json\/wp\/v2\/media?parent=18733"}],"wp:term":[{"taxonomy":"bios_category","embeddable":true,"href":"https:\/\/patternenergy.com\/fr\/wp-json\/wp\/v2\/bios_category?post=18733"}],"curies":[{"name":"wp","href":"https:\/\/api.w.org\/{rel}","templated":true}]}}

<p class="p1">Sarah Webster est première vice-présidente chargée des affaires extérieures et du développement des marchés pour Pattern Energy. Elle supervise les affaires gouvernementales, la communication, l&rsquo;engagement du public, les efforts en matière de réglementation et de développement durable de Pattern. De 2013 à 2020, alors que l&rsquo;entreprise était cotée en bourse, elle a mis en place et supervisé la fonction de relations avec les investisseurs de l&rsquo;entreprise. </p>
<p class="p1">Sarah travaille chez Pattern depuis 2013 et aime établir des relations avec les parties prenantes de l&rsquo;entreprise et servir, avec son équipe, de noyau diplomatique pour l&rsquo;entreprise. Elle a travaillé dans le secteur de l&rsquo;énergie pendant près de 25 ans dans des entreprises telles qu&rsquo;InterGen, Shell et Wind Capital Group. Elle a également travaillé comme rédactrice musicale pour le Houston Press. </p>

<!-- This site is optimized with the Yoast SEO plugin v27.4 - https://yoast.com/product/yoast-seo-wordpress/ -->
<title>Sarah Webster - Pattern Energy</title>
<meta name="robots" content="index, follow, max-snippet:-1, max-image-preview:large, max-video-preview:-1" />
<link rel="canonical" href="https://patternenergy.com/fr/leadership/sarah-webster/" />
<meta property="og:locale" content="fr_FR" />
<meta property="og:type" content="article" />
<meta property="og:title" content="Sarah Webster - Pattern Energy" />
<meta property="og:description" content="Sarah Webster est première vice-présidente chargée des affaires extérieures et du développement des marchés pour Pattern Energy. Elle supervise les affaires gouvernementales, la communication, l&rsquo;engagement du public, les efforts en matière de réglementation et de développement durable de Pattern. De 2013 à 2020, alors que l&rsquo;entreprise était cotée en bourse, elle a mis en place [&hellip;]" />
<meta property="og:url" content="https://patternenergy.com/fr/leadership/sarah-webster/" />
<meta property="og:site_name" content="Pattern Energy" />
<meta property="article:publisher" content="https://www.facebook.com/PatternEnergy/" />
<meta property="article:modified_time" content="2026-03-25T18:05:44+00:00" />
<meta property="og:image" content="https://patternenergy.com/wp-content/uploads/2021/12/people-7.png" />
	<meta property="og:image:width" content="650" />
	<meta property="og:image:height" content="758" />
	<meta property="og:image:type" content="image/png" />
<meta name="twitter:card" content="summary_large_image" />
<meta name="twitter:label1" content="Durée de lecture estimée" />
	<meta name="twitter:data1" content="1 minute" />
<script type="application/ld+json" class="yoast-schema-graph">{"@context":"https:\/\/schema.org","@graph":[{"@type":"WebPage","@id":"https:\/\/patternenergy.com\/fr\/leadership\/sarah-webster\/","url":"https:\/\/patternenergy.com\/fr\/leadership\/sarah-webster\/","name":"Sarah Webster - Pattern Energy","isPartOf":{"@id":"https:\/\/patternenergy.com\/fr\/#website"},"primaryImageOfPage":{"@id":"https:\/\/patternenergy.com\/fr\/leadership\/sarah-webster\/#primaryimage"},"image":{"@id":"https:\/\/patternenergy.com\/fr\/leadership\/sarah-webster\/#primaryimage"},"thumbnailUrl":"https:\/\/patternenergy.com\/wp-content\/uploads\/2021\/12\/people-7.png","datePublished":"2021-12-01T20:18:53+00:00","dateModified":"2026-03-25T18:05:44+00:00","breadcrumb":{"@id":"https:\/\/patternenergy.com\/fr\/leadership\/sarah-webster\/#breadcrumb"},"inLanguage":"fr-FR","potentialAction":[{"@type":"ReadAction","target":["https:\/\/patternenergy.com\/fr\/leadership\/sarah-webster\/"]}]},{"@type":"ImageObject","inLanguage":"fr-FR","@id":"https:\/\/patternenergy.com\/fr\/leadership\/sarah-webster\/#primaryimage","url":"https:\/\/patternenergy.com\/wp-content\/uploads\/2021\/12\/people-7.png","contentUrl":"https:\/\/patternenergy.com\/wp-content\/uploads\/2021\/12\/people-7.png","width":650,"height":758},{"@type":"BreadcrumbList","@id":"https:\/\/patternenergy.com\/fr\/leadership\/sarah-webster\/#breadcrumb","itemListElement":[{"@type":"ListItem","position":1,"name":"Home","item":"https:\/\/patternenergy.com\/fr\/"},{"@type":"ListItem","position":2,"name":"Sarah Webster"}]},{"@type":"WebSite","@id":"https:\/\/patternenergy.com\/fr\/#website","url":"https:\/\/patternenergy.com\/fr\/","name":"Pattern Energy","description":"Nous développons, construisons, possédons et exploitons des projets éoliens, solaires, de transport et de stockage d'énergie de haute qualité dans le monde entier.","publisher":{"@id":"https:\/\/patternenergy.com\/fr\/#organization"},"potentialAction":[{"@type":"SearchAction","target":{"@type":"EntryPoint","urlTemplate":"https:\/\/patternenergy.com\/fr\/?s={search_term_string}"},"query-input":{"@type":"PropertyValueSpecification","valueRequired":true,"valueName":"search_term_string"}}],"inLanguage":"fr-FR"},{"@type":"Organization","@id":"https:\/\/patternenergy.com\/fr\/#organization","name":"Pattern Energy","url":"https:\/\/patternenergy.com\/fr\/","logo":{"@type":"ImageObject","inLanguage":"fr-FR","@id":"https:\/\/patternenergy.com\/fr\/#\/schema\/logo\/image\/","url":"https:\/\/patternenergy.com\/wp-content\/uploads\/2022\/01\/Pattern-Energy-Media-thumbnail-logo.jpg","contentUrl":"https:\/\/patternenergy.com\/wp-content\/uploads\/2022\/01\/Pattern-Energy-Media-thumbnail-logo.jpg","width":1200,"height":627,"caption":"Pattern Energy"},"image":{"@id":"https:\/\/patternenergy.com\/fr\/#\/schema\/logo\/image\/"},"sameAs":["https:\/\/www.facebook.com\/PatternEnergy\/","https:\/\/instagram.com\/patternenergy?utm_medium=copy_link","https:\/\/www.linkedin.com\/company\/pattern-energy","https:\/\/www.youtube.com\/user\/PatternEnergy?app=desktop","https:\/\/web.cauze.com\/company\/293"]}]}</script>
<!-- / Yoast SEO plugin. -->

Sarah Webster est première vice-présidente chargée des affaires extérieures et du développement des marchés pour Pattern Energy. Elle supervise les affaires gouvernementales, la communication, l&rsquo;engagement du public, les efforts en matière de réglementation et de développement durable de Pattern. De 2013 à 2020, alors que l&rsquo;entreprise était cotée en bourse, elle a mis en place [&hellip;]

Nous développons, construisons, possédons et exploitons des projets éoliens, solaires, de transport et de stockage d'énergie de haute qualité dans le monde entier.
